(-6). Suppose 5*x - 5*o - r = 123, x + 3*o - i = 0. What are the prime factors of x?
179
Let g(a) = -7*a - 20. Let b be ((-376)/12)/(-2) - (-4)/(-6). Suppose -b = 2*u - 5*c, 0*u - 2*u - 5*c = 45. List the prime factors of g(u).
5, 17
List the prime factors of ((-254970)/35)/(((-135)/(-70))/(-9)).
2, 3, 2833
Suppose 2*g - 34229 = 10957 - 4520. What are the prime factors of g?
20333
Let t = -595 + 591. Let z(j) = -116*j - 19. List the prime factors of z(t).
5, 89
Suppose -61 = -15*o - 1. Suppose 0 = -2*a + 2, 0 = 2*r + o*a - 2434. What are the prime factors of r?
3, 5
Let r(m) = 5*m**2 - 14*m - 143. What are the prime factors of r(21)?
2, 13, 17
Let j(v) = -19776*v**3 - 2*v**2 - 54*v - 53. What are the prime factors of j(-1)?
5, 7, 113
Suppose 0 = -13*i + 8*i + 35. Let s(p) = 14*p**2 + 20*p - 25. What are the prime factors of s(i)?
3, 89
Suppose 226*l - 234*l + 7560 = 0. What are the prime factors of (-92)/(-5)*(l/14)/3?
2, 3, 23
Let f be ((-232)/6)/(10/(-30)). Let z = f - -278. Suppose 0 = 3*g + 5*s - z, g - 595 = -4*g + 4*s. List the prime factors of g.
3, 41
Suppose -b = -q - 19068, 72052 = 3*b + 2*q + 14873. List the prime factors of b.
11, 1733
Suppose -26*w - 1104 = -32*w. Suppose 695 = 3*p - w. What are the prime factors of p?
293
Let b be (-15)/3*(-7 + 0). Suppose -b*n + 23*n + 624 = 0. What are the prime factors of n?
2, 13
Suppose b = -0*b + 5. Suppose 0 = -5*g + b + 10, 2*d + 5*g - 23 = 0. Suppose -4*r = 2*s - 128, -d*s = 4*r - 184 - 56. What are the prime factors of s?
2, 7
Suppose -5*d + 30 = -5*i, 28 = 2*d + 3*d - 3*i. Suppose -20 = -d*j + 145. Suppose -5*z + 201 = y - 4*y, z - 3*y - j = 0. List the prime factors of z.
2, 3, 7
Suppose -102*p = -63697 - 105827. What are the prime factors of p?
2, 3, 277
Let z = -42 + 44. Suppose 4*j + 2*a = 10, -3*a + 15 = z*j + j. Suppose j*i - 3*k - 420 = -4*i, 0 = 2*i - k - 210. What are the prime factors of i?
3, 5, 7
What are the prime factors of (-6)/(-4)*(-4036)/((-70)/(-8) + -9)?
2, 3, 1009
Let n(b) = -2*b**2 - 24*b - 13. Suppose -4*d = -4*j + 88, -3*j - 2*j = 2*d + 30. Let u be n(d). Let m = -213 - u. What are the prime factors of m?
2, 3, 5
Let o(b) = -217*b**3 - 2*b**2 - b + 2. Let w be o(1). Let x = 22 - w. List the prime factors of x.
2, 3, 5
Suppose 11040*g + 15036 = 11044*g. What are the prime factors of g?
3, 7, 179
Let y = 148 + 888. List the prime factors of y.
2, 7, 37
List the prime factors of (-2)/(-1) + 14/(-6) + 8133632/1248.
7, 19
Suppose 7*c + 24 = 10*c. Let a = 62 - c. Let k = -15 + a. What are the prime factors of k?
3, 13
What are the prime factors of (-126961)/(-7) - (-15 - 749/(-49))?
7, 2591
Let y(b) = 5964*b. Let g(n) = -67*n. Let j(t) = -355*g(t) - 4*y(t). Let x = -310 - -308. What are the prime factors of j(x)?
2, 71
Suppose 11712 = f + 48*q - 53*q, -5*f = 4*q - 58415. What are the prime factors of f?
13, 29, 31
Let b = -1140 - -6929. List the prime factors of b.
7, 827
Let q = 4012 + -3271. List the prime factors of q.
3, 13, 19
Let h(b) be the second derivative of -b**5 + 1/3*b**3 + 9*b + 0*b**2 + 1/6*b**4 + 0. List the prime factors of h(-2).
2, 41
Suppose k + k = 4. What are the prime factors of k/((-40)/65)*-92?
13, 23
Let t be 6/(-2) - ((-45)/5 + 3). What are the prime factors of ((-1)/t*-1)/((-5)/(-2325))?
5, 31
Suppose -3*k + d = -d - 90, 0 = 2*k + d - 60. What are the prime factors of 980/3*45/k?
2, 5, 7
Let q(p) = -902*p - 139. What are the prime factors of q(-3)?
17, 151
Let g(k) = -k**3 + 4*k**2 + 12*k - 3. Let d be 6/12 + (-27)/(-6). Let q be g(d). What are the prime factors of 2*12/q - (-1539)/12?
3, 43
Let j(x) = 1157*x + 365. List the prime factors of j(8).
3, 1069
Let y(g) be the first derivative of g**3 - 23*g**2 + 7*g - 22. Let p(t) be the first derivative of y(t). What are the prime factors of p(19)?
2, 17
Let s(p) be the third derivative of p**5/60 + 7*p**4/24 - 6*p**2. Let f be s(-7). List the prime factors of (f/3 + -17)*(-7 + 4).
3, 17
Let x = -18573 - -32337. List the prime factors of x.
2, 3, 31, 37
Let y = 34 - 31. Suppose -4*g + 8 = -0*r + 5*r, -y*r + g + 15 = 0. Suppose -2*j + r*j = 386. What are the prime factors of j?
193
Let c be 181 + ((-14)/6 - 16/24). Suppose 0 = -10*t + c + 632. Suppose -19 - t = -2*i. List the prime factors of i.
2, 5
What are the prime factors of (165/(-30) - -7)*1018?
3, 509
Let q be 7 + (-4)/1 - 1. Suppose -q*z + 22 + 1362 = 0. What are the prime factors of z?
2, 173
Let m(i) be the third derivative of 2/3*i**3 - 1/12*i**4 + 0 + 18*i**2 + 1/4*i**5 + 0*i. What are the prime factors of m(-3)?
5, 29
Suppose -23*x + 42643 = -20584. Suppose 2*d + 0*d = 3*s + x, -2*d - 2*s = -2724. List the prime factors of d.
1367
Let v be 2 + -3 + (-1)/1. Let u(a) = -2 + 58*a + 51*a - 199*a + 62*a. List the prime factors of u(v).
2, 3
Let p be (28/(-18))/(-7) + 1886/18. What are the prime factors of (-5)/(p/(-24414)) - (-36)/(-63)?
2, 7, 83
Let x = 42 + -33. Let a be 6/x*3 - 3 - -7. List the prime factors of 608/a - 4/(-36)*-3.
101
Let c = 14 + 26. Let w = 79 - c. What are the prime factors of 13/(w/(-6)) - (1 + -156)?
3, 17
Let p(d) = 6*d - 55 + 15*d + 2*d**2 - 6*d + 4*d**2 + 121. What are the prime factors of p(-11)?
3, 11, 19
Let d = 446 + -267. Suppose -2*u = 3*b - 368, -5*b = u - 6*b - d. List the prime factors of u.
181
Let v = -3270 + 7664. What are the prime factors of v?
2, 13
Suppose 100 = 19*b - 128. What are the prime factors of b/10*4695/6?
3, 313
Let z(r) be the first derivative of 2/3*r**3 + 21*r + 17/2*r**2 - 6. List the prime factors of z(-14).
5, 7
Let i(n) be the first derivative of 35*n**3/3 - 8*n + 56. What are the prime factors of i(-3)?
307
Suppose 12*v + 13*v + 110*v = 1720440. What are the prime factors of v?
2, 3, 59
Suppose -69*i = -63*i - 18. Suppose s - i*r - 757 = 0, 4*r + r = 2*s - 1511. What are the prime factors of s?
2, 11, 17
Suppose 3*i - 4*x - 89801 = 0, -i + 3*x + 16716 + 13221 = 0. What are the prime factors of i?
3, 11, 907
Suppose d + 112 - 322 = 0. Suppose -d = -w + 113. Suppose p = -4*o + w, 3*o = -3*p + 255 - 24. What are the prime factors of o?
2, 41
Suppose -27531 + 138611 = -58*q + 78*q. What are the prime factors of q?
2, 2777
Suppose 14 = 36*t - 34*t. Suppose 7*c = -t*c + 1120. List the prime factors of c.
2, 5
Let l(q) = -3*q**2 + 42*q - 1. Let v be l(18). Let n = -502 - -851. Let u = v + n. List the prime factors of u.
2, 3, 11
Suppose -1376 = -2*z - 478. Suppose -z - 2095 = -4*d. What are the prime factors of d?
2, 3, 53
Let w(u) = -u**3 + 20*u**2 + 112*u + 33. What are the prime factors of w(20)?
2273
Let g(l) = -30*l - 3220. Let j be g(0). List the prime factors of 3/((-6)/j*5).
2, 7, 23
Let o be 173512/(-80) + (114/60 - 2). Let d = o - -3632. What are the prime factors of d?
7, 11, 19
Let q(k) = -23*k**3 + 6*k**2 + 44*k + 408. What are the prime factors of q(-10)?
2, 3, 491
Suppose 2*r + 2050 = -2*a, 5075 = -5*a + 2*r + 3*r. Let l = 1769 + a. List the prime factors of l.
7, 107
Let a(h) be the first derivative of 5*h**3 - 2*h**2 - 5*h + 22. List the prime factors of a(-6).
13, 43
Let n(j) = -362*j - 3109. List the prime factors of n(-25).
13, 457
Let l be ((-33)/22 + 34/12)*9. Suppose -1566 = 6*h - l*h. What are the prime factors of h?
3, 29
Let j(s) = 51*s**3 - 5*s**2 + 3*s - 4. Let l = 155 + -153. What are the prime factors of j(l)?
2, 3, 5, 13
Let y = 60 - 57. Suppose x + 249 - y = 2*p, 468 = 4*p + 4*x. What are the prime factors of p?
11
Suppose 10*y - 11*y - t = -10194, -3*t = -y + 10218. List the prime factors of y.
2, 3, 5, 17
Let z = 75 + -72. Suppose -3*s + m = -782, -3*s + 7*s - 1034 = -z*m. Let p = s - 144. List the prime factors of p.
2, 29
Let c = 55893 + -37875. List the prime factors of c.
2, 3, 7, 11, 13
Suppose -342340 = 34*u - 44*u. What are the prime factors of u?
2, 17117
Suppose -l - 2*g + 13138 = -6*g, 2*g = -l + 13120. List the prime factors of l.
2, 6563
Suppose 3*t + 13*t - 1984 = 0. Suppose 0 = -3*b + 997 - t. What are the prime factors of b?
3, 97
Suppose -109 = -k + 477. Suppose -h + k = 5*s + 2*h, 5*s = 3*h + 604. Suppose t = 3*v - 4*t - 357, 2*t = -v + s. List the prime factors of v.
7, 17
Suppose -4*w + 190 = 3*v, -3*w = -2*v - 5 - 129. Suppose -28*l - 16884 = -w*l. List the prime factors of l.
2, 7, 67
List the prime factors of (0 - -1)/((-